 (-60 + 64) - -14?
5
What is 19 + -70 + 32 + 16?
-3
57 - ((52 - 48) + 2 + 14)
37
Calculate 11 + -2 - (-12 + (65 - 27)).
-17
(-16 + 8 - 3 - -8) + (-1 - -3)
-1
Evaluate -70 + 7 + 196 + -162.
-29
What is -7 - (-10 - (-7 - 2))?
-6
What is the value of 7 - (2 - -2) - (-3 - (1 + -1))?
6
What is the value of (-5 - 38) + 55 - 42?
-30
What is the value of -8 - (-14 + (-2 - (1 + 2 + 0)))?
11
Evaluate 6 + (11 - 11) + -2.
4
What is the value of (-1 - (41 + -49)) + (1 - 3) + -12?
-7
(-35 - (-6 - 9)) + -6
-26
What is the value of 46 + (-15 - -7) + -20?
18
What is 1 - 2 - ((10 - 0) + -7 + -11)?
7
Evaluate 3 - 10 - (-13 + 16) - -24.
14
Calculate -51 + 23 + 41 - (-7 + 0 + 1).
19
What is the value of (234 - 235) + (2 - (-3 - -1))?
3
What is the value of -12 + -1 + 2 + 11?
0
What is the value of -18 + 0 + 4 - -24 - (9 + 0)?
1
What is the value of (6 - 0) + (20 - 1 - (111 - 105))?
19
What is the value of (13 - -4) + 4 + -6?
15
Evaluate (6 - 1) + -7 + -8 + -3.
-13
Calculate -10 - -8 - -3 - (-22 + 13).
10
7 - (-10 + 4 + -13 + 31)
-5
Calculate 34 - 37 - 28 - -41.
10
Calculate -16 + 33 - 37 - (-1 - 7).
-12
What is (-15 - (6 - 15)) + 0 + 13?
7
What is (7 - -5 - 16) + -1 + 8?
3
-22 - 2 - (284 + -315)
7
What is the value of 0 + 7 - (-46 - (50 - 99))?
4
What is the value of 4 - (-3 + 7) - (-19 + 27)?
-8
Calculate -18 - (24 - 33 - -10).
-19
Calculate (-1 - -5) + 3 + 1 + -2.
6
Calculate -19 - -11 - (0 + -6) - 12 - -2.
-12
Calculate 24 + (-11 + 0 + 22 - (-2 - -11)).
26
Calculate -13 - (13 + -6 + -8).
-12
What is the value of 12 + (-9 - 12) - (16 - 1)?
-24
(-3 - (10 - 0)) + 10 + 5
2
What is (-13 + (8 - 7) - 3) + 12?
-3
-3 + 26 + -31 + -26
-34
What is the value of -74 + 98 - (7 - 1)?
18
What is (-6 - -7) + -8 - (-1 + 2)?
-8
Calculate 12 + (-4 - 3) - (-24 + 33).
-4
-2 + -1 + -4 + (-4 - 4) + 5
-10
What is the value of (18 - (-28 - -38)) + 10?
18
What is the value of -18 + -2 - (136 - 153)?
-3
What is -6 - -3 - (2 - 22) - 10?
7
6 + 16 - (19 - -12)
-9
(7 - 4 - -5) + -6 - 9
-7
What is (-15 - (-10 - 2)) + -4?
-7
Calculate 2 + -6 + (-15 - -12) - 27 - -2.
-32
Calculate 4 + -10 + 2 + (-4 - -4).
-4
(-8 - (9 + 3 + -8)) + 3 + -4
-13
Calculate -34 + 2 + 1 + 13 + -12.
-30
-7 + 9 - (-1 + 7) - (136 - 124)
-16
What is the value of (-11 - (33 + -77)) + -38?
-5
What is the value of 26 + 4 + -8 + -14?
8
Evaluate 14 + -37 + (-33 - -35).
-21
What is (1 - 0 - 2) + (-17 - (-7 - 6))?
-5
Calculate 14 + (2 - 3 - (3 - 1)) - -1.
12
Calculate (2 - 28) + 2 + (-49 - -92) + -40.
-21
What is -10 - -36 - (7 - -7)?
12
What is the value of -11 + 1 + (-3 - 5 - -5)?
-13
What is -6 + 12 + 12 + -11?
7
Evaluate (-19 - 14) + 16 + 20 + 0.
3
What is (11 - 23) + 20 + 6?
14
What is the value of 17 - (-19 + 1 + 11 + 15)?
9
What is (20 - 1) + (32 - 58) + 10?
3
What is the value of -3 + 1 - -3 - (-1 + -7)?
9
Evaluate 1 + -5 - (20 - (9 - -22)).
7
Calculate (-4 - 15) + 48 + -14 + (-2 - -13).
26
Calculate -12 + -24 + 34 - 13.
-15
What is -12 - (17 - 18 - (0 - -22))?
11
Calculate -2 + -8 + 3 + (-7 - -20).
6
What is -30 + 20 - (-30 + 11)?
9
Calculate 23 - (48 + -28) - 10.
-7
What is the value of (-21 - -45) + -27 + (-1 - 1)?
-5
What is the value of (-4 - -6) + (6 - 1 - -3) + -11?
-1
-14 + 0 - (-15 + 10) - -1
-8
8 - (0 + -2 + (-8 - -7) + 11)
0
What is the value of 2 - (-5 + 1 + 19 + 1)?
-14
What is -4 + 4 + 2 - 4 - 11?
-13
What is the value of (3 + 23 - 22) + (1 - 1) + -1?
3
What is the value of (19 - -2) + (-118 - -89)?
-8
Evaluate (-266 - -262) + (-3 + -4 - (1 - 0)).
-12
What is -514 - -502 - ((-3 - -17) + -2)?
-24
Calculate (2 - -3) + 6 + -5 + 10 + -3.
13
What is -3 - (1 + 2 + -7 + 10 + -3)?
-6
Calculate 2 - -1 - (-11 + (-15 - -8) + 14).
7
13 + (9 - 5) - 15
2
What is the value of 13 + -30 + (5 - (2 - (8 - 6)))?
-12
What is the value of (4 - 0) + (-55 - 12) + 29?
-34
(3 - -1) + -2 - (31 + -31)
2
What is 0 + 1 + 4 - (-227 - -245) - 1?
-14
Evaluate (4 + 1 - (-42 + 36)) + -9 + -23.
-21
Evaluate -7 + (-6 - -1 - (-13 + 4)).
-3
What is the value of (-34 - -40) + -1 + 24 + -7 - 1?
21
-59 - (-15 - 3) - -20
-21
2 - -2 - ((-14 + 3 - -14) + 3)
-2
-6 + -3 + (-3 - (-10 - (-8 + 0)))
-10
8 - (-12 + 4 + (40 - (-1 - 6)))
-31
Evaluate 4 + -6 + -3 - ((2 - 0) + 1).
-8
Calculate (17 - (19 - 14)) + -13.
-1
What is the value of (-11 - -13 - (0 + 0)) + -10?
-8
(-24 - -47 - 39) + (2 - 14)
-28
What is -5 + (2 + 6 + -12 - (-1 + -2))?
-6
Calculate -2 + (24 - 26) - (0 + 10 + -2).
-12
-1 + -12 + (-19 - -62) + -11
19
-25 + (6 - -3) + -1 + 7
-10
What is the value of (17 - 4) + 2 + 5?
20
Evaluate -164 - -145 - (-2 + -5).
-12
What is (-3 - -1) + -82 + 31 + 66?
13
Evaluate 11 - (-10 - (-8 + -2)).
11
Evaluate (0 + -7 + -1 - (306 - 312)) + 17.
15
-2 + 27 + (-3 - 3)
19
Evaluate 3 + -73 + 53 + -15.
-32
What is the value of 5 + 26 + -1 + (3 - 5) + -2?
26
What is the value of (-6 + 25 - 41) + 10?
-12
What is the value of -1 + 11 - ((-5 - -3) + 3 + -8)?
17
Calculate (2 - 12) + 10 + (-1 - -2) + -11.
-10
What is 7 - 3 - (7 + -19 + 22)?
-6
12 - (8 - (10 - 0)) - 3
11
Evaluate 10 - (-3 + -9 + 8 + 2 + 0).
12
What is the value of -15 - 4 - (9 + -3 - 14)?
-11
Evaluate 7 - (61 + (-15 - 19)).
-20
Evaluate -1 + -7 - (-78 + 55) - -2.
17
-11 - ((-2 - 5) + 0 + 5)
-9
What is the value of -8 + -8 - (45 - 64)?
3
What is the value of (9 + -5 - -1) + (35 - 44)?
-4
Evaluate -42 + 46 + -9 - (-24 - 0).
19
What is the value of 20 + -8 + 4 + 2 + (-2 - -10)?
26
3 + (-18 - -6) + 10 + (-1 - -4)
4
Calculate 21 + 1 + -5 + (1 - (6 - 3)).
15
What is the value of 72 + -58 + -3 + -3 + 8?
16
What is -7 - -24 - -6 - (-3 + 5 - -3)?
18
What is -24 + 6 - (-14 - -9)?
-13
What is 0 + 19 + 1464 + -1469?
14
Calculate -5 - (7 - (-1 + -4 + 3)).
-14
What is the value of -1 - (-2 + 16) - -1?
-14
What is -3 + (-8 - (-1 - 6 - -5)) + -1?
-10
Evaluate 26 + (5 + -8 + -3 + 15 - 8).
27
-14 + 49 + -14 + -13 - (12 - 1)
-3
9 - ((5 - (-9 - -3)) + -5)
3
What is -14 - (14 - 33) - -6?
11
What is the value of 7 - (-30 + 8 + 14)?
15
Calculate -27 - (-16 + -6 + -7).
2
What is -1 + -4 + (-1 - (-4 + -4 - -12))?
-10
What is -30 - (4 + (-41 - -8))?
-1
Evaluate -19 + -9 + -39 + 35 + (2 - -8).
-22
Calculate (1 - 2) + -26 + 21 + 14 + -6.
2
What is (-4 - 0) + (-130 - -137)?
3
-4 + 77 + -75 + 1 + -6 - -34
27
(-23 - -32) + -23 - 3
-17
Evaluate -4 + 1 - -10 - (0 + (-4 - -6)).
5
1 + (9 - -5) + -13 + 3
5
What is the value of -18 - (-11 + 13 + -1)?
-19
(53 + -11 - 30) + 3
15
Evaluate (-7 - -9 - -2) + -16.
-12
Evaluate 3 + -3 + (39 - 19) + (-2 - 0).
18
Calculate 6 - (-1 + 12) - -6.
1
Evaluate 1 + -4 + 3 - (8 + -29 + 19).
2
Evaluate 18 - 5 - 20 - -37 - (9 + 1).
20
Calculate 8 + (125 + -126 - (8 + 0)).
-1
What is 21 - (-20 + 17 + 3)?
21
Calculate -7 - (6 + -12) - (3 + -13 - 9).
18
What is the value of -6 - (-4 - 4) - (-9 + 23)?
-12
What is (-11 + 11 - 3) + -5 + -1?
-9
Calculate (6 - (26 - 35)) + -2.
13
Calculate -122 + 100 + (-3 - -7).
-18
Calculate (-117 - -129) + ((-1 - 0) + 1 - 2).
10
Calculate 6 - (7 + 5) - 3.
-9
Calculate 0 + (-22 - -17) + -1.
-6
What is the value of 1 + (-36 + 1 - (9 - (-6 + 26)))?
-23
-26 + 19 - (-4 + -1)
-2
What is -17 + (-18 - -29 - (-6 + 4))?
-4
What is the value of (-1 - -1 - -9) + (-661 - -646)?
-6
Calculate 7 + (-15 - (-23 - -5)).
10
What is -11 - (-25 + 59 + -29 + -12 + 0)?
-4
Evaluate 1 + 2 + (-9 - -4) + -6 - -19.
11
What is the value of 4 - (-23 + 60) - 2?
-35
What is the value of 3 - (5 + 4 + (13 - 7))?
-12
6 - (11 - (-10 - (3 + -6 - 1)))
-11
What is (-79 - -80) + (-2 + 3 - 1) + -8?
-7
-16 - ((-34 - -34) + (-12 - -3))
-7
What is -23 - -2 - (851 + -867)?
-5
Evaluate 4 + (1 - 0) - ((15 - -6) + -9).
-7
Evaluate (-2 + 5 - -5) + -17 + 1.
-8
1774 + -1769 + (-32 - 0)
-27
What is the value of 7 - (-3 + 3) - 12 - (-22 - 9)?
26
What is -2 - -18 - (42 - 27) - -13?
14
Calculate -2 + -20 + 552 + -510.
20
What is 0 + 1 - (21 - (16 - (7 + -1)))?
-10
What is (1 - 11) + 44 + -10 + -10?
14
What is the value of 0 - -16 - (-72 + 78)?
10
Calculate (-5 - (-7 - 6) - 7) + -5.
-4
14 + 0 - (365 - 350)
-1
What is 12 - (-19 + (3 - 0) + -1)?
29
Calculate (20 - 31 - (-6 - 3)) + 6 + -1.
3
22 - 13 - (0 + (-2 + 3 - -5))
3
Evaluate (1251 - 1261) + (1 - -12).
3
Evaluate -13 + -2 + (-283 - -301).
3
15 - (13 + (-3 - 2))
7
What is the value of 8 + -4 + 4 - 4 - -2?
6
(-15 - (-6 + -3)) + -11 + 3
-14
Calculate (9 - 0) + -82 + (-26 - -83).
-16
What is